t u = -107 - -190. Let r = u + -79. What is the greatest common divisor of j and r?
4
Suppose -5*f + 3*x = -189, -f - 3*x = -32 + 5. What is the greatest common factor of f and 900?
36
Let g = -324 + 338. Calculate the highest common divisor of 203 and g.
7
Let m = 1967 + -1715. Calculate the greatest common factor of 180 and m.
36
Let k(s) = 2*s - 2. Let l be k(2). Suppose 2*m - 1 = -l*r - 3, 0 = 5*m - 5*r - 15. Calculate the highest common factor of 8 and m.
1
Suppose 0 = 1187*a - 1197*a + 580. Calculate the greatest common factor of a and 522.
58
Suppose 17*o - 1125 - 184 = 0. What is the greatest common factor of 35 and o?
7
Let q(b) = 230*b**2 + b + 10. Let m be q(-2). Calculate the greatest common factor of m and 87.
29
Let v = 27 + -22. Suppose 4*o = -4*a + 236, 2*a - 126 = o - v*o. What is the greatest common divisor of 11 and a?
11
Let q(n) = -54*n + 1. Let c be q(-1). Let f = 66 + c. Suppose 0 = 3*t + d - 421, -22 - f = -t - 3*d. Calculate the greatest common factor of t and 20.
20
Suppose 0 = -14*i + 11*i - 6, -5*q + i + 97 = 0. What is the greatest common divisor of 1121 and q?
19
Let b(i) = 3*i**3 - 5*i**2 - 5*i + 2. Let z be b(6). Suppose -4*t + 8*t = 160. Calculate the highest common factor of z and t.
40
Let r be (5/10)/(1/24). Let v = 7 - 6. Let j be (36/10)/(v/10). What is the highest common divisor of r and j?
12
Let f be (0 + -17)*-2*(-5 + 6). What is the greatest common factor of f and 4?
2
Suppose -221*y + 219*y + 34 = 0. What is the highest common divisor of 1513 and y?
17
Suppose -37*k = -32*k - 775. Suppose -3*u + 16 = 2*x + 2*x, -2 = -2*x. Suppose u*p = -5*m + 3*p + k, -15 = 3*p. Calculate the highest common divisor of 8 and m.
8
Suppose 29*s = 14*s + 105. Let u(o) = 13*o - 79. Let t be u(s). What is the highest common divisor of 156 and t?
12
Let f be (4*5/(-10))/((-5)/650). What is the highest common divisor of 65 and f?
65
Let c = 620 - 386. Calculate the greatest common divisor of c and 130.
26
Suppose 3*h - 35 + 5 = 0. Let r = 111 + -24. Let m = 197 - r. Calculate the highest common divisor of h and m.
10
Let c = 6 - 1. Suppose -31 = r - 5*q, -3*r + 4*q - 121 = -50. Let h = r + 26. What is the greatest common factor of c and h?
5
Let o(h) = 3*h**3 - h**2. Let c be o(1). Suppose c*w - 52 = -4. Let q be 2646/10 - 3/5. What is the greatest common divisor of w and q?
24
Let f be 6/5*(-10)/3. Let m = f - -38. What is the highest common divisor of 85 and m?
17
Let h be (-208649)/(-164) - 9/(-12). What is the greatest common factor of h and 67?
67
Let b be 7/3 - 3 - 26/(-3). Let v(o) = -12*o + 1. Let q be v(-2). Suppose -7*r = -b*r + q. What is the highest common factor of 5 and r?
5
Suppose -11*b + 28 = -258. Let w be 24/(-16) - 13/2. Let j be (-10)/(-40) - 1038/w. Calculate the highest common divisor of j and b.
26
Suppose 4*i + 17 - 57 = 0. Let f = 8 - 4. Suppose -f*x = u - 46, 3*u + 3*x - 119 = 28. What is the greatest common divisor of i and u?
10
Suppose 40 = n + 2. What is the greatest common factor of n and 4?
2
Let h = -1982 + 2080. Calculate the greatest common divisor of 182 and h.
14
Let r(y) = y**3 + 12*y**2 + 17*y + 60. Let c be r(-10). Calculate the highest common factor of 72 and c.
18
Let b be (-113 - -112)*(250 + -2)/(-2). What is the highest common divisor of b and 4?
4
Let f(a) = 2*a**2 + 2*a + 2. Let p be f(-3). Suppose -17 = -2*t + 19. Suppose 4*y - 74 = -t. Calculate the greatest common divisor of p and y.
14
Let q be 6/4*(-6)/(-3). Let i = 172 + -157. Calculate the highest common factor of i and q.
3
Let t be (-4)/7 + (-2997)/(-63). Let d = t - 46. Calculate the highest common factor of d and 1.
1
Let y be (168/20 - 4)*5. Let r = y + -19. What is the highest common factor of 9 and r?
3
Suppose -3*k + 4 + 28 = 5*x, 2*x + 16 = 2*k. Let g = 45 - 85. Let j = g - -67. Calculate the greatest common divisor of j and k.
9
Let u(y) = 24*y**2 - 17*y + 20. Let i be u(6). Calculate the highest common factor of i and 17.
17
Suppose 0 = -2*m + 6. Let x be 37 + -3 + m - 1. Calculate the highest common factor of 18 and x.
18
Let x be (8/(-12))/(2/(-9)). Let m be (x/(-6))/((-6)/1452). Calculate the greatest common factor of 11 and m.
11
Suppose -4*t + 457 = -2*l + 5*l, 0 = -5*t - 2*l + 580. What is the highest common divisor of t and 2?
2
Suppose 23*l - 19*l - r = 329, 0 = 2*l + 3*r - 147. Calculate the highest common factor of 108 and l.
27
Let t(f) = f + 10. Let l be t(0). Let d be (-3)/(-4) + 28/(-16) + 3. Calculate the greatest common divisor of l and d.
2
Let j be (-41 - 2/(-1))*(-21)/3. Calculate the greatest common factor of 21 and j.
21
Let q = 1 - -1. Let w be q/(-9) - (-2)/9. Let a be 12/4 + 0 + w. What is the highest common factor of 3 and a?
3
Let m = -17 + 29. Suppose 5*r - 25 = -4*p, 0 = 5*r - 0*p - p. Let g be ((2 - r) + 1)*(31 + -28). Calculate the greatest common divisor of m and g.
6
Suppose 0 = o - 4*b + 6*b - 8, 3*o + 3*b = 18. Calculate the greatest common factor of 52 and o.
4
Suppose -5*m + 13 = -132. Suppose 11 = -w + 5*t, w + 3*t = 2*t - m. Let b = 48 + w. Calculate the highest common divisor of 2 and b.
2
Suppose 7 = 2*q - 5*k, -3*q - 2*k + 17 = -3. What is the greatest common factor of q and 18?
6
Let s = 206 - 190. Calculate the highest common divisor of 32 and s.
16
Let f be (-78)/18*(-5 - -2). Let l(x) = 3*x**2 - 2*x - 3. Let n be l(-6). Calculate the greatest common factor of n and f.
13
Suppose 5*n - 2*n = 156. Suppose -40*m - n = -41*m. What is the highest common divisor of 78 and m?
26
Let w be 483/(-161) - (0/1 + -127). What is the greatest common factor of w and 155?
31
Suppose 5*z + 3*r = 34, -3*r - 2 = -2*z - 1. Suppose -2*i - i + 75 = 0. Calculate the greatest common divisor of z and i.
5
Suppose 3*m = -254 + 269. What is the highest common divisor of m and 5?
5
Let a be (12/(-8))/(4/(-8)). Suppose 0*g + 5*g = 3*k + 108, -5*k + 68 = 2*g. What is the highest common factor of g and a?
3
Let k be 4/12*2*60/8. Suppose -s + 5 = b, -k*b + 23 = s + 2*s. Suppose -3*m = -3*f + 21, -m - 1 = -3. Calculate the highest common divisor of f and s.
1
Let m(v) = -v**2 + 7*v + 16. Let j be m(9). Let w be (21/j)/(5 + (-92)/16). Calculate the highest common divisor of w and 140.
14
Suppose -w + 40 = -3*z, 0 = -5*w - 3*z + 8*z + 210. What is the highest common divisor of w and 1?
1
Let c(h) = 4*h**3 + 9*h + 4 - 1 - 5*h**3 + 2*h**2 - h. Let n be c(4). What is the highest common factor of n and 15?
3
Let c = -46 - -48. Calculate the greatest common factor of 16 and c.
2
Suppose 6*u = 2*u + 44. Let t(y) = y + 7*y + 0*y + 0 + 9 - 2*y. Let w be t(u). Calculate the highest common divisor of 15 and w.
15
Suppose 0 = -19*g - 6*g + 2850. Calculate the highest common divisor of g and 54.
6
Suppose 13*p - 25 = 8*p + 5*n, 3*p = -n + 19. What is the highest common divisor of 312 and p?
6
Let g be (3/9)/((-1)/(-78)). Suppose -202 = -2*k + 110. Suppose -5*t + t = -k. What is the highest common divisor of g and t?
13
Let k(r) = 2*r**3 + 7*r**2 - r - 2. Let y be k(3). What is the greatest common divisor of y and 14?
14
Suppose -2*i = 3*o - 216, 2*o - 2*i - i = 144. Let a = 558 - 540. Calculate the greatest common factor of a and o.
18
Suppose 91*d - 21 = 90*d. Suppose 8*p - d - 187 = 0. What is the greatest common divisor of p and 286?
26
Let n = -525 + 3157. What is the greatest common factor of 14 and n?
14
Let c(y) = -6*y - 165. Let q be c(-35). What is the greatest common factor of q and 330?
15
Suppose -8*w + 3*w - 4*k + 952 = 0, 0 = -5*w - 3*k + 949. What is the highest common divisor of 8 and w?
4
Suppose -3*l + 23 = -2*l. Suppose -s - 5 = -l. What is the highest common factor of s and 12?
6
Let n be (5/((-20)/6))/((-3)/6). Let x be 26 - (n + (-2 - 2)). Calculate the highest common factor of 243 and x.
27
Let d = 561 - 489. What is the highest common divisor of d and 171?
9
Let j(q) = -q**3 - 17*q**2 - 78*q - 29. Let k be j(-9). Let u = 9 - 4. What is the highest common divisor of k and u?
5
Let k(u) be the first derivative of -2 + 1/4*u**4 - 9/2*u**2 - 9*u + 5/3*u**3. Let w be k(-6). Calculate the greatest common divisor of 3 and w.
3
Suppose -2*x - 5*g + 191 = 0, 2*x + 5*g - 185 = 2*g. Let w = 128 - x. Calculate the greatest common divisor of 8 and w.
8
Suppose l = 2*y + 104, -4*l - 2*y + 428 = -6*